se 10*u + z - 1009 = 6*u, -2*u - z + 503 = p. What is the tens digit of u?
5
Let n(a) = -102*a + 5*a**2 + 296*a**3 + 46*a + 11*a**3 + 52*a. What is the units digit of n(1)?
8
Let x = 512 + -505. Let a(o) = 188*o - 224. What is the hundreds digit of a(x)?
0
Let i(g) = -2*g + 53. Let k be i(-11). What is the tens digit of 19*(2/6)/(5/k)?
9
Let s be (-198)/15 - (-4)/(-5). Let r be ((-6)/s)/(2/14). Suppose 5*f = -5*n + 85, f - n = -r*f + 43. What is the units digit of f?
2
Let f = 2 + 3. Suppose -f*h + 8*h = 48. What is the units digit of 2 + (-1)/((-4)/h)?
6
Suppose -5*k - 5*g = -2830, 5*g = 2*k + 20 - 1131. Let h = 1301 - k. What is the hundreds digit of h?
7
What is the units digit of (-20009242)/(-924) + (-2)/84?
5
Suppose -119*z - 48980 = -123*z. Suppose 15*v - z + 1460 = 0. What is the hundreds digit of v?
7
Suppose -2*s - 2 = -s. Let d be (-6)/(1/(s/4)). Suppose 0 = -d*c + 2*c + 73. What is the tens digit of c?
7
Suppose 3*i - s + 167 = i, -243 = 3*i + s. Suppose 99 = -26*v + 15*v. Let q = v - i. What is the tens digit of q?
7
Let t be 3/(9/(-531)*3/(-4)). What is the tens digit of t + -1 - (-2 + 1 + 3)?
3
Suppose 501 = 6*u - 315. Suppose 8*b - 648 = -u. Suppose 2*y = 4*a - 256, -b = -2*a + a + y. What is the tens digit of a?
6
Suppose 0*u = u + 4*g - 15, -g + 8 = -4*u. Let z be (u/(-3))/(8/216). Let x(a) = -a + 27. What is the units digit of x(z)?
8
Let s = 2299 + 9232. What is the hundreds digit of s?
5
What is the thousands digit of 117611/7 - (-556)/(-973)?
6
Suppose 51983 + 349249 = 26*o. What is the units digit of o?
2
Let v(d) = -52*d + 21. Let c(j) = -j. Let o(x) = 2*c(x) - v(x). What is the hundreds digit of o(11)?
5
Let s be (-26760)/(-16) - (-21)/(-14). Suppose -n + d = n - s, 4*n - 3337 = -3*d. What is the hundreds digit of n?
8
Let a(l) = l**3 + 14*l**2 - l. Let q be a(-9). Let u = q - 231. What is the units digit of u?
3
Suppose 123*y - 128*y + 40 = 0. Suppose y*s + 4*s = 5448. What is the hundreds digit of s?
4
Suppose -299 + 209 = 5*o. What is the units digit of 10/((-60)/o) + 449?
2
Let w = 73566 + -41254. What is the thousands digit of w?
2
Suppose -1987*y = -1769*y - 8884590. What is the units digit of y?
5
Let w be 2/((2/(-7))/(4/(-7))). Suppose 0 = w*a + 4 - 12. Suppose -17 = -a*v + 91. What is the tens digit of v?
5
Let o(b) = -b**2 - 10*b + 13. Let f(y) be the first derivative of -y**3 + y**2/2 + 4. Let u be f(2). What is the tens digit of o(u)?
1
Let j(d) be the first derivative of -393*d**2/2 + 15*d - 130. What is the tens digit of j(-2)?
0
Suppose -55*n - 583627 + 2096827 = 23*n. What is the thousands digit of n?
9
Let a be (-180)/(-27) - (8/6)/2. Let p be (1 + 2)*a/18*-2. Let i(f) = 29*f**2 + 2. What is the tens digit of i(p)?
1
Suppose -5*z = -25, 0*w + w + 69 = 5*z. Let l = w + 130. What is the units digit of (-11 - -13) + 1*l?
8
Let w(l) = 2*l**3 + 15*l**2 + 9*l + 15. Let y be w(-7). Let p(m) = 6*m - 3. Let t be p(y). What is the tens digit of 2/t - (0 - (-222)/(-18))?
1
Suppose 5*j = -2*l + 20, 5*l + 0*l = 4*j - 16. Suppose s - 286 - 201 = -5*w, -3*w = l. What is the units digit of s?
7
Let j(r) = -r**2 + 10*r + 1. Let k(i) = i**2 - 11*i. Let w(d) = -3*j(d) - 2*k(d). Suppose -120*p + 6 = -122*p. What is the units digit of w(p)?
0
Let a be (10/6)/((-11)/33). Let v(c) = -2*c**3 - 2*c**2 + 10*c + 2 - c**2 + 1 - 1. What is the tens digit of v(a)?
2
Suppose 3*n + 20*n = 0. Suppose n = -4*y + 5*b + 755, 2*b - 28 = 2*y - 406. What is the hundreds digit of y?
1
Let p = -116 - -119. What is the hundreds digit of ((-2)/p)/(((-87)/630)/29)?
1
Let u be 3 + 159/7 + 4/14. Suppose u*k = 28*k - 68. What is the tens digit of (102/(-4))/(-3)*k/17?
1
Let b be ((-4)/2)/(6/9*-1). Suppose h - b = u - 3*h, 5*u = h + 23. Suppose -99 + u = -3*y - 5*n, 5*n - 56 = -2*y. What is the tens digit of y?
3
Suppose 363*r - 8241565 + 4305954 - 8035766 = 0. What is the tens digit of r?
7
Let q(m) = m**3 + 11*m**2 + 19*m + 1. Suppose -3*r = 15, -5*v + 4*r + 10 = -25. Suppose 35 = -v*y + 17. What is the tens digit of q(y)?
6
Let i be 12/(-2) - (-33 + 30). Let d = 1 - i. What is the units digit of d?
4
Let t(o) = -7*o - 19. Let m be t(-7). Suppose 4*q + 1170 = m*q. What is the units digit of q?
5
Let n(k) = -k**3 + 3*k**2 - 2*k + 112. Suppose 0 = 4*p + 5*b - 20, 17 = 4*b + 1. What is the hundreds digit of n(p)?
1
Let c(g) = -g**3 - 3*g + 3. Let t be c(0). Let j(o) = 13*o**2 + 14*o - o**3 + t + 0 + 10*o - 40*o. What is the tens digit of j(11)?
6
Let i(x) = -x**2 - 23*x - 83. Let z be i(-19). What is the units digit of (z + 12 - -1)/((-2)/(-73))?
9
What is the tens digit of ((-660)/(-88) + -8)/(1/(-4014))?
0
Suppose -4*f - 4*z + 2*z + 512 = 0, -5*z - 280 = -2*f. Suppose -1286 = -4*r - f. What is the tens digit of r?
8
Let a(v) = 6*v + 111. Let i be a(-18). Suppose -339 - 69 = -i*w. What is the hundreds digit of w?
1
Suppose -2*m = 9*m - 66. Let r be m*4/(-3 + 39)*-60. Let k = r - -93. What is the units digit of k?
3
Let j be (-140)/(-44) - (-4)/(-22). Let k be (-1)/2*-65*(3 + j). Suppose 3*l - k = 2*f, 3*l - 3*f = -0*f + 192. What is the units digit of l?
7
Let d = -29346 + 56281. What is the ten thousands digit of d?
2
Suppose -8*c - 166975 = -3*r, r + 57*c - 55643 = 52*c. What is the tens digit of r?
5
Suppose 2*l + 5*m = 31369, 66*m - 64*m + 15707 = l. What is the thousands digit of l?
5
Suppose -64 = 23*p - 27*p. Let r be (-2)/(-8) + (28/p - 3). Let a(l) = -56*l**3 - l**2 + 1. What is the units digit of a(r)?
6
Suppose 31 = -12*k + 115. Let b(p) be the second derivative of p**4/4 - 7*p**3/3 + 4*p**2 - 17*p. What is the units digit of b(k)?
7
Let s(d) = -22 - 10*d + 2*d + 11*d. Let l be s(7). What is the hundreds digit of (-1491)/(-12) + l/4?
1
What is the units digit of 32/(-112) - 91272/(-21)?
6
Suppose -25 = 6*w - 7. Let i be 4/w - 2/3. What is the tens digit of (-3)/i*(-1196)/(-39)?
4
Let b(t) = -28*t**2 + 3*t + 10. Let c be b(-3). Let s = 366 + c. Suppose s = 5*x + 5*w, 0*w - 3 = w. What is the tens digit of x?
2
Suppose 4*g = 2*g + 50. Suppose 25*n = 30*n - g. What is the units digit of (5*1/n)/(2/62)?
1
Suppose s + 3*d - 11718 = 0, 0 = -3*s - d - 18964 + 54102. What is the thousands digit of s?
1
What is the ten thousands digit of (55922/6 - -1)/(-11 - 1400/(-120))?
1
Suppose 58*m - 309654 - 1700800 = 0. What is the tens digit of m?
6
Suppose -2*g + 5 = -5*h + 27, 4*g = 4*h - 32. What is the tens digit of (-33)/((-1)/(-28)*g)?
5
Let q = -3520 - -1111. What is the thousands digit of (q + -1)/((-7 + -1)/4)?
1
Suppose -29*c + 119 = -12*c. Suppose -6846 = -c*t - 3066. What is the hundreds digit of t?
5
Let h be -14 + 10270/22 - 4/(-22). Suppose 0 = -0*m + 2*m + 4*c - 306, 3*c - h = -3*m. What is the hundreds digit of m?
1
Let b(w) = -319*w + 11115. What is the ten thousands digit of b(-6)?
1
Let m(f) = -f + 16. Suppose -q = 0, 50 = 5*h + q - 2*q. Let a be m(h). Suppose 310 + 356 = a*g. What is the tens digit of g?
1
Suppose -11*o = -15*o + 5332. Let x = o - 900. What is the tens digit of x?
3
Suppose -3*u - d - 112 = 0, -5*d = -2*u - 2*u - 124. Suppose -2*q - 164 = -3*q. What is the tens digit of q/9 + 8/u?
1
Suppose -z - 2392 = 5*v, 2*z + 482 = -5*v + 4*v. Let g = v + 667. What is the tens digit of g?
8
Suppose 0 = -5*y - 3*u + 75400, 0 = -5*y + 4*u + 80221 - 4856. What is the hundreds digit of y?
0
Let a(n) = n**3 - n**2 + 3*n + 115. Suppose 11*m - 2*m = 27. Suppose -4*l + m*h - 15 = 0, 4*h = -l - 0*h + 20. What is the units digit of a(l)?
5
What is the hundreds digit of (-24)/(-10)*(-10 + 10 - 721840/(-42))?
2
Let d(s) = s**3 + 12*s**2 + 5. Let z be d(-9). Suppose -5*y + 3*h = -1294, 3*h = -3*y + 2*y + z. What is the tens digit of y?
5
Let w = -41 - -45. Suppose w*x - 4670 = -x. What is the units digit of x?
4
What is the tens digit of 4958 - (-29 + (-70)/(-5))?
7
Let z(u) be the third derivative of u**4/24 + u**3/2 + 10*u**2. Let q be z(-5). What is the units digit of q - -35*(5 - 4)?
3
Let n be ((-12)/24)/(81/(-80) - -1). Suppose 2*k - n = -8*k. Let c(y) = 17*y - 15. What is the tens digit of c(k)?
5
Let z = -81 - -869. Let g = -160 + z. What is the tens digit of g?
2
Suppose -8*l - 14*l - 5104 = 0. Let t = 462 + l. What is the units digit of t?
0
Suppose 10*b - 3*b + 70 = 0. Let c = 10 + b. Suppose u = -c*u + 19. What is the tens dig